*d - 145. Determine a(-14).
-33
Let q(a) = 5*a**2 + 60*a - 184. Determine q(3).
41
Let b(g) = -75*g - 370. Calculate b(-5).
5
Let v(w) = 15*w - 118. Calculate v(25).
257
Let t(x) = -21*x**2 - 85*x + 241. What is t(-6)?
-5
Let p(x) = -x**3 + 57*x**2 + 310*x + 18. What is p(62)?
18
Let m(u) = 2*u**3 + 15*u**2 + 10*u - 32. What is m(-7)?
-53
Let z(q) = -5*q**2 - 52*q + 115. Give z(-12).
19
Let y(v) = 824*v - 816. Calculate y(1).
8
Let g(q) = 2*q**2 - 27*q - 325. Determine g(23).
112
Let f(q) = q**3 + 38*q**2 - 59*q + 17. What is f(-39)?
797
Let u(h) = h**3 - 6*h**2 + 8*h - 8. Give u(9).
307
Let d(v) = v**3 + 20*v**2 - 28*v + 72. What is d(-20)?
632
Let o(t) = -42*t + 59. Give o(-4).
227
Let r(i) = -i**2 - 52*i - 393. What is r(-10)?
27
Let c(v) = -36*v + 103. Give c(-4).
247
Let x(n) = -121*n + 265. Give x(2).
23
Let x(n) = 2*n**3 + 84*n**2 - 75*n + 476. What is x(-43)?
3
Let b(w) = 654*w + 11710. Calculate b(-18).
-62
Let f(d) = -3*d - 84. Calculate f(-23).
-15
Let l(x) = 47*x - 582. Give l(13).
29
Let b(m) = -4*m**2 - 14*m - 23. What is b(-5)?
-53
Let t(i) = -i**3 - 16*i**2 - 8*i + 231. Give t(-14).
-49
Let h(n) = -54*n + 304. Give h(6).
-20
Let g(s) = -s**2 + 258*s - 763. Give g(3).
2
Let m(t) = -t**2 + 11. Give m(3).
2
Let h(m) = -16*m**3 - 1822*m**2 + 230*m + 244. Determine h(-114).
16
Let p(t) = 2*t**3 - 8*t**2 + 4*t + 7. Give p(0).
7
Let m(s) = -219*s - 8109. Give m(-37).
-6
Let k(v) = -v**3 - 49*v**2 + 161*v + 231. What is k(-52)?
-29
Let w(r) = 21*r - 117. What is w(8)?
51
Let q(p) = -2*p**2 + 32*p + 373. Calculate q(-8).
-11
Let j(z) = z**2 - 235*z + 12770. What is j(85)?
20
Let q(h) = -8*h**2 - 744*h - 11. Give q(-93).
-11
Let r(d) = -2*d**3 - 36*d**2 - 130*d - 1645. What is r(-17)?
-13
Let f(b) = -2*b - 92. Calculate f(-35).
-22
Let o(f) = -28*f**3 - 2*f**2 - 6*f + 9. Determine o(2).
-235
Let o(u) = 1792*u + 19713. Give o(-11).
1
Let r(d) = d**2 + 189*d + 1113. Determine r(-6).
15
Let f(n) = 241*n - 11596. Give f(48).
-28
Let b(c) = c**2 - 331*c + 2924. Determine b(9).
26
Let j(z) = 4*z**3 - 48*z**2 + 78*z + 13. Give j(10).
-7
Let h(f) = -f**2 - 46*f - 298. Determine h(-7).
-25
Let a(g) = -g**3 + 76*g**2 + 858*g - 16. Determine a(-10).
4
Let m(b) = 67*b + 246. Determine m(-3).
45
Let b(k) = 143*k - 1255. Calculate b(9).
32
Let z(k) = k**3 + 18*k**2 - 8*k - 109. What is z(-18)?
35
Let l(k) = 6*k**2 - 54*k + 51. What is l(1)?
3
Let u(c) = -198*c + 38. Calculate u(2).
-358
Let o(r) = -r**3 + 27*r**2 - 45. Calculate o(0).
-45
Let o(t) = -9*t**2 - 317*t - 71. Give o(-35).
-1
Let q(m) = -26*m - 705. Calculate q(-30).
75
Let l(r) = 45*r - 891. Determine l(21).
54
Let l(g) = -g**2 - 6*g + 100. Determine l(9).
-35
Let q(w) = 55*w + 13. Calculate q(-3).
-152
Let q(l) = 3*l**2 - 56*l - 234. What is q(-4)?
38
Let f(d) = 74*d - 66. What is f(2)?
82
Let a(y) = y**3 - 31*y**2 + 149*y + 16. Calculate a(25).
-9
Let q(s) = 1798*s - 14384. What is q(8)?
0
Let u(t) = 5*t**2 - 1341*t - 2688. Determine u(-2).
14
Let u(c) = 2*c**3 - 8*c**2 - 20*c + 83. Give u(4).
3
Let d(f) = 9548*f + 38185. Determine d(-4).
-7
Let g(j) = -58*j + 6440. Give g(111).
2
Let p(t) = -566*t + 37. Determine p(-1).
603
Let o(n) = -2*n**2 - 30*n + 110. Calculate o(3).
2
Let w(o) = -2*o**2 - 1048*o - 6231. Calculate w(-6).
-15
Let q(k) = -k**3 + 7*k**2 - 60*k + 334. Determine q(6).
10
Let t(d) = -d**3 - 36*d**2 - 274*d - 373. Determine t(-26).
-9
Let d(c) = -16*c + 293. What is d(20)?
-27
Let m(z) = -z**3 - 63*z**2 - 286*z + 84. Determine m(-58).
-148
Let o(c) = c**3 - 16*c**2 - 8*c - 161. Calculate o(17).
-8
Let i(k) = k**3 - k**2 - 162*k + 717. Determine i(5).
7
Let p(r) = -995*r + 3809. Give p(4).
-171
Let k(x) = -2*x**2 + 28*x + 61. Determine k(15).
31
Let a(m) = m**2 - 9*m + 40. Give a(-4).
92
Let w(a) = 176*a + 628. What is w(-3)?
100
Let g(c) = -5056*c + 15145. Calculate g(3).
-23
Let h(l) = 22*l**2 - 4*l + 7. Calculate h(6).
775
Let b(j) = j**3 - 2*j**2 - 3*j + 18. Calculate b(0).
18
Let u(p) = 3*p**2 + 30*p + 159. Calculate u(-6).
87
Let t(y) = -2*y**3 - 19*y**2 + 8*y. Give t(-10).
20
Let n(j) = -j**3 - 19*j**2 - 88*j + 9. Determine n(-8).
9
Let n(s) = -s**2 + 31*s - 109. Determine n(22).
89
Let m(h) = 21*h - 525. Determine m(52).
567
Let l(k) = -k**3 - 4*k**2 - 15*k - 9. Calculate l(-7).
243
Let u(v) = 2340*v - 16348. Calculate u(7).
32
Let i(t) = -t**2 - 34*t + 490. Determine i(11).
-5
Let j(a) = -11*a**3 + a**2 + 355*a - 357. Give j(1).
-12
Let d(c) = -c + 85. Determine d(-2).
87
Let y(a) = 7*a**2 + 14*a + 17. Determine y(-5).
122
Let s(h) = 20*h + 237. Determine s(-8).
77
Let f(o) = 158*o + 6033. Determine f(-38).
29
Let c(g) = -12*g**2 + 20*g + 10. Give c(5).
-190
Let u(h) = -3215*h + 3225. Calculate u(1).
10
Let l(c) = -c**3 - 30*c**2 - 5*c - 61. Determine l(-30).
89
Let t(d) = -996*d + 72698. What is t(73)?
-10
Let q(f) = -2*f**3 + 13*f**2 + 110*f - 725. Determine q(8).
-37
Let m(n) = 2*n**3 + 2*n**2 - 10*n + 110. Calculate m(0).
110
Let m(a) = a**3 + 71*a**2 + 2*a + 195. Give m(-71).
53
Let y(f) = 10*f**3 + 4*f**2 + 4*f - 6. Calculate y(1).
12
Let i(s) = s**2 + 2092*s - 21020. Give i(10).
0
Let n(i) = 4*i**2 - 38*i + 35. What is n(7)?
-35
Let b(g) = 649*g - 5192. Determine b(8).
0
Let c(y) = -1056*y - 39094. Determine c(-37).
-22
Let y(g) = g**3 - g**2 - 26*g + 51. What is y(4)?
-5
Let f(g) = -123*g - 623. Determine f(0).
-623
Let k(o) = o**3 + 10*o**2 - 2*o + 10. Determine k(-10).
30
Let u(r) = r**3 + 14*r**2 + 49*r - 12. What is u(-7)?
-12
Let a(i) = -160*i - 948. Calculate a(-8).
332
Let m(o) = -17*o + 57. Give m(-16).
329
Let o(h) = -h**2 - 133*h - 2506. Give o(-25).
194
Let s(y) = y**3 - 8*y**2 - 163*y + 25. Calculate s(0).
25
Let t(x) = -419*x + 4183. Determine t(10).
-7
Let b(x) = x**3 - 18*x**2 + 36*x + 39. Give b(15).
-96
Let a(v) = 2986*v - 17938. Give a(6).
-22
Let w(r) = 2*r**3 - 20*r**2 - 33*r + 182. What is w(11)?
61
Let i(t) = -2151*t - 38723. Give i(-18).
-5
Let t(k) = -k**3 - 50*k**2 - 54*k - 163. What is t(-49)?
82
Let t(x) = 24*x**2 + 56*x - 1. Calculate t(-2).
-17
Let p(g) = -579*g - 577. Calculate p(-1).
2
Let l(q) = -q**2 + 13*q + 2264. What is l(-41)?
50
Let r(x) = x**2 - 1138*x - 7. Calculate r(0).
-7
Let n(i) = i**3 + 2*i**2 + 2*i. Calculate n(0).
0
Let i(h) = -4*h**2 + 769*h - 1529. Determine i(2).
-7
Let l(u) = 180*u + 2707. Calculate l(-15).
7
Let l(q) = 261*q + 511. Calculate l(-2).
-11
Let l(t) = 452*t - 2678. Determine l(6).
34
Let i(c) = -3*c**3 + c**2 - 4*c - 4. Calculate i(-1).
4
Let o(r) = -r**2 + 41*r - 260. Give o(26).
130
Let m(p) = -206*p + 420. Determine m(2).
8
Let j(x) = 215*x - 591. Calculate j(3).
54
Let u(i) = -8*i**2 + 609*i - 58. Determine u(76).
18
Let b(q) = 184*q - 930. What is b(5)?
-10
Let i(y) = -y**2 + 83*y + 93. Determine i(84).
9
Let i(u) = -25*u + 25. Give i(-4).
125
Let r(t) = -2*t**3 - 6*t**2 - 4*t - 39. Give r(-4).
9
Let s(g) = 414*g**2 + 5*g - 3. Determine s(1).
416
Let v(t) = -227*t - 3464. Calculate v(-15).
-59
Let q(t) = 105*t + 1118. What is q(-14)?
-352
Let w(c) = 49*c + 130. Give w(6).
424
Let u(w) = 13*w**3 + 10*w**2 + 2*w - 6. Calculate u(-2).
-74
Let b(o) = -65*o - 345. Calculate b(-6).
45
Let m(a) = a**3 + 43*a**2 + 122*a - 69. What is m(-40)?
-149
Let r(h) = -54*h - 169. What is r(-4)?
47
Let b(o) = -94*o - 318. Give b(-15).
1092
Let d(q) = 2*q - 64. Determine d(30).
-4
Let f(u) = u**3 + 34*u**2 - 23*u + 427. What is f(-35)?
7
Let q(r) = -r**2 + 18*r + 807. Calculate q(-21).
-12
Let u(x) = 91*x**2 + 363*x - 5. Give u(-4).
-1
Let y(s) = -4*s**2 - 169*s - 522. Determine y(-39).
-15
Let l(h) = -h**3 - 63*h**2 - 566*h + 317. Determine l(-52).
5
Let r(g) = 4*g**3 + 260*g**2 - 3*g - 43. Calculate r(-65).
152
Let q(l) = 8*l**2 + 112*l + 95. Calculate q(-13).
-9
Let k(q) = 12*q**2 - 19*q - 71. Determine k(-4).
197
Let x(b) = -73*b**2 - 38*b - 117. Give x(-3).
-660
Let i(z) = z**3 - 23*z**2 + 14*z + 37. Give i(22).
-139
Let y(z) = 4*z**2 + 462*z + 240. Give y(-115).
10
Let w(l) = l**2 - 10*l + 2. Calculate w(-5).
77
Let p(f) = -14*f**2 - 7*f + 2. Give p(3).
-145
Let l(g) = 238*g - 753. What is l(6)?
675
Let y(d) = -96*d + 588. Give y(7).
-84
Let d(v) = v**2 + 123*v + 2752. Give d(-93).
-38
Let z(y) = -y**3 + 18*y**2 - 44*y + 760. Determine z(18).
-32
Let z(f) = 2*f**3 + 69*f**2 - 189*f - 173. What is